tor of 1002788854?
False
Is 2392408 a multiple of 97?
True
Is 292750873 a multiple of 877?
False
Is 14933001 a multiple of 38?
False
Does 108 divide 64281471?
False
Does 16 divide 939179497?
False
Is 55 a factor of 12490549?
False
Does 204 divide 76917896?
False
Is 30 a factor of 68922748?
False
Does 6 divide 839782406?
False
Is 125 a factor of 23494375?
True
Is 1049 a factor of 47065483?
True
Is 89064859 a multiple of 90?
False
Is 1582 a factor of 1180850678?
True
Is 1016152847 a multiple of 73?
False
Is 75554375 a multiple of 3039?
False
Is 12128894 a multiple of 19?
False
Does 1745 divide 2914064495?
True
Is 448095156 a multiple of 12?
True
Is 172 a factor of 101426336?
True
Does 38 divide 1099610256?
True
Does 77 divide 75371681?
True
Is 264 a factor of 2998218323?
False
Does 189 divide 77583744?
True
Does 2 divide 910937547?
False
Is 5188 a factor of 242513060?
True
Does 142 divide 17880498?
True
Does 461 divide 141511148?
False
Is 41 a factor of 294064086?
False
Does 4 divide 74278201?
False
Is 490 a factor of 481255950?
True
Is 136892822 a multiple of 11?
True
Does 15 divide 423918105?
True
Is 960658176 a multiple of 174?
True
Does 301 divide 1085555593?
False
Does 4 divide 10379612?
True
Is 28303116 a multiple of 3?
True
Is 3070836 a multiple of 197?
True
Is 3599856 a multiple of 13?
True
Is 43 a factor of 280534567?
False
Does 367 divide 1334045?
True
Is 44576 a multiple of 2?
True
Does 175 divide 8495642?
False
Is 475605 a multiple of 39?
True
Is 495 a factor of 288460215?
False
Is 464 a factor of 42781264?
True
Is 2135 a factor of 1847503432?
False
Does 30 divide 1616195370?
True
Is 102897887 a multiple of 15?
False
Does 191 divide 202919928?
True
Is 8772116 even?
True
Is 35318171 a multiple of 15?
False
Is 144431419 a multiple of 945?
False
Is 86182980 a multiple of 260?
True
Is 44488472 a multiple of 434?
True
Is 3478 a factor of 430642482?
True
Is 84052226 a multiple of 2338?
False
Is 9 a factor of 473552973?
True
Is 7 a factor of 90828638?
False
Is 92957358 a multiple of 1061?
False
Does 730 divide 6418148950?
False
Is 20281440 a multiple of 1392?
True
Is 1110 a factor of 45238201?
False
Does 4 divide 345526136?
True
Is 39215002 a multiple of 25?
False
Is 8 a factor of 195309896?
True
Is 32 a factor of 227000192?
True
Does 1062 divide 629215884?
True
Does 170 divide 48650260?
True
Does 387 divide 1192971975?
False
Is 30317544 a multiple of 24?
True
Does 17 divide 2169008346?
False
Is 16 a factor of 190764780?
False
Does 2029 divide 612120894?
True
Is 267589826 a multiple of 742?
False
Does 21 divide 229737460?
False
Does 130 divide 1235821743?
False
Is 667594 a multiple of 617?
True
Is 313682686 a multiple of 311?
True
Is 284499369 a multiple of 17?
True
Is 18 a factor of 179597988?
True
Does 83 divide 268348245?
False
Is 91870456 a multiple of 60?
False
Is 2699 a factor of 1094752373?
False
Is 7 a factor of 660480961?
True
Does 5848 divide 4201729520?
True
Is 13141800 a multiple of 70?
True
Is 98 a factor of 19169308?
False
Is 10690743 a multiple of 732?
False
Is 56 a factor of 345834272?
True
Does 387 divide 1054432948?
False
Is 213 a factor of 124859322?
True
Is 594501410 a multiple of 21?
False
Is 13879936 a multiple of 116?
False
Does 10 divide 44871300?
True
Is 318706641 a multiple of 99?
True
Is 3 a factor of 208425?
True
Is 274 a factor of 62534198?
True
Is 165475554 a multiple of 366?
True
Does 13 divide 398695323?
True
Is 1836 a factor of 26346737?
False
Is 8 a factor of 503686608?
True
Is 34 a factor of 7586107?
False
Does 2823 divide 167852757?
True
Does 224 divide 165944800?
True
Does 6449 divide 991798159?
True
Does 1125 divide 154965534?
False
Is 3379717983 a multiple of 47?
False
Is 538 a factor of 17957613?
False
Is 4016064 a multiple of 36?
False
Does 6 divide 69867432?
True
Does 507 divide 141984336?
True
Is 8191348 a multiple of 44?
True
Does 2 divide 572761?
False
Does 31 divide 57272897?
False
Does 2 divide 5186137?
False
Does 1095 divide 7025074?
False
Does 89 divide 10035462?
True
Does 888 divide 110426251?
False
Is 5 a factor of 4604429?
False
Is 10 a factor of 460500818?
False
Is 44 a factor of 8425429?
False
Does 188 divide 55644036?
False
Is 16 a factor of 155620117?
False
Does 24 divide 11610216?
True
Is 423 a factor of 54927819?
True
Is 368692632 a multiple of 33?
True
Does 26 divide 9958984?
False
Is 19 a factor of 1087197094?
False
Is 2826549000 a multiple of 5940?
True
Is 528020269 a multiple of 9?
False
Does 95 divide 462324055?
True
Is 86627108 a multiple of 802?
False
Is 4 a factor of 51239624?
True
Is 18 a factor of 370681848?
True
Is 4 a factor of 102794457?
False
Is 408545040 a multiple of 464?
True
Is 18 a factor of 12453588?
True
Is 1142672703 a multiple of 249?
True
Does 14 divide 684239?
False
Does 3212 divide 2693135297?
False
Is 1943 a factor of 296643607?
False
Is 3126220030 a multiple of 4990?
True
Is 690814757 a multiple of 166?
False
Is 312 a factor of 35582352?
True
Is 2480314806 a multiple of 136?
False
Does 76 divide 395316432?
True
Does 463 divide 156373157?
True
Is 67 a factor of 503692966?
False
Is 21 a factor of 127221555?
False
Is 161681880 a multiple of 3270?
True
Does 139 divide 93841124?
True
Is 882941761 a multiple of 13?
True
Is 4100 a factor of 710951546?
False
Is 94 a factor of 58700368?
True
Is 119 a factor of 62909707?
True
Is 359 a factor of 18265618?
False
Is 49750440 a multiple of 15?
True
Is 566986992 a multiple of 13?
True
Is 1950 a factor of 132391350?
True
Is 168960408 a multiple of 854?
False
Does 22 divide 5119457425?
False
Does 421 divide 2224716?
False
Is 32 a factor of 4488459?
False
Is 256861840 a multiple of 68?
True
Does 3 divide 253828636?
False
Is 2 a factor of 53957233?
False
Does 10 divide 65722608?
False
Is 34 a factor of 749210518?
False
Is 38 a factor of 145083675?
False
Is 45 a factor of 4660692705?
True
Is 1527481680 a multiple of 236?
True
Is 771975772 a multiple of 226?
True
Is 21 a factor of 30715014?
False
Is 285 a factor of 269443475?
False
Does 194 divide 1395831762?
False
Is 391122539 a multiple of 3139?
True
Does 2495 divide 659445059?
False
Is 226870727 a multiple of 186?
False
Does 2788 divide 1419727664?
True
Is 20 a factor of 9183135?
False
Is 582131810 a multiple of 65?
True
Is 10998367 a multiple of 259?
False
Is 8903290 a multiple of 687?
False
Does 948 divide 15653672?
False
Is 887280320 a multiple of 216?
False
Does 85 divide 2831043372?
False
Is 195559723 a multiple of 10?
False
Is 40 a factor of 17865091?
False
Is 98 a factor of 52725176?
True
Is 4 a factor of 84505216?
True
Does 2533 divide 1909730020?
True
Is 10 a factor of 161099465?
False
Is 31030818 a multiple of 9?
False
Is 1857792 a multiple of 32?
True
Is 3310307 a multiple of 74?
False
Is 1042610805 a multiple of 123?
False
Does 162 divide 1578549546?
True
Is 77 a factor of 31973634?
True
Is 41 a factor of 2333823058?
False
Is 14 a factor of 1849733015?
False
Does 437 divide 2460456?
False
Is 2288 a factor of 165319497?
False
Is 17857392 a multiple of 24?
True
Is 419248948 a multiple of 2762?
False
Is 887315529 a multiple of 1193?
False
Does 61 divide 38365340?
True
Is 355 a factor of 62935110?
True
Is 7 a factor of 16874414?
False
Is 54 a factor of 125967582?
True
Is 82 a factor of 175433444?
False
Does 315 divide 24884610?
False
Is 4719 a factor of 461418336?
False
Does 723 divide 1508445510?
True
Is 19 a factor of 1639632320?
False
Is 2980 a factor of 47663528?
False
Does 94 divide 568220887?
False
Is 78 a factor of 1275596798?
False
Does 1109 divide 1092209341?
False
Is 55068391 a multiple of 31?
False
Is 646 a factor of 1043643362?
True
Is 154 a factor of 327261524?
False
Does 11 divide 3503215878?
False
Is 216 a factor of 494702109?
False
Is 69 a factor of 458759836?
False
Does 3386 divide 307752197?
False
Does 19 divide 24342600?
False
Is 8 a factor of 2385799155?
False
Is 9 a factor of 243250483?
False
Is 2849 a factor of 1768234699?
True
Is 24 a factor of 341095032?
True
Is 759041391 even?
False
Is 129398772 a multiple of 347?
False
Is 30 a factor of 1085335620?
True
Does 5 divide 334403760?
True
Is 3871469 even?
False
Does 8254 divide 2434918531?
False
Is 11940429 a multiple of 10?
False
Is 4 a factor of 351875790?
False
Does 602 divide 120906089?
